inder when y is divided by o?
13
Suppose -12*b - 13*b + 500 = 0. Calculate the remainder when 496 is divided by b.
16
Let z(p) = -5*p - 55. What is the remainder when 647 is divided by z(-24)?
62
Let a(z) = -z**3 + 11*z**2 + 16*z - 105. Calculate the remainder when a(10) is divided by 40.
35
Calculate the remainder when ((-800)/(-150))/(4/78) is divided by 59.
45
What is the remainder when 4/6*107115/370 is divided by 18?
13
Let g = 0 - -4. Suppose -105 = -g*k - k. What is the remainder when k is divided by ((-24)/(-6) - 5)/(3/(-33))?
10
What is the remainder when (-4)/10 - (-1187)/5 is divided by 15?
12
Let w(x) = -422*x - 358. Calculate the remainder when w(-3) is divided by 130.
128
Suppose 2*i + 182 = 2*w, -3*i + 0*w = -w + 265. Let v be 4*3/(-16)*-172. Let f = v + i. Calculate the remainder when f is divided by 9.
6
Suppose 4*y + 4 = 0, 6*d - 607 = 2*d - y. Let c = d - 130. Calculate the remainder when c is divided by 5.
2
Calculate the remainder when 356 is divided by 672/(-140)*(-45)/6.
32
Suppose -5*l + 0*f + 3*f + 564 = 0, l - 105 = -2*f. Let n = 187 - l. What is the remainder when n is divided by 6?
4
Let b be 21252/30 + 4/(-10). What is the remainder when b/24 - 2/(-4) is divided by 8?
6
Suppose 0*p = 2*j + p - 982, 5*p = -3*j + 1473. What is the remainder when j is divided by 82?
81
Suppose 2*w = -8*w - 140. Let j = 23 + w. What is the remainder when 43 is divided by j?
7
Suppose -42*n + 4 = -41*n. Suppose -3*z + 318 = 5*u, 5*z - n*u = 414 + 153. What is the remainder when z is divided by 14?
13
Let x(t) = -4*t - 11. Suppose 5 = 3*o - 4. Suppose 0 = -o*z - 1 - 14. What is the remainder when 15 is divided by x(z)?
6
Suppose 3*g - 33 = -3*q, 2*q - g - g = 22. Let f = 181 + -123. Let a = f - 15. Calculate the remainder when a is divided by q.
10
Suppose -f - 270 = 5*f. Let u = f - -79. What is the remainder when 100 is divided by u?
32
Suppose -d = 4*b - 283, 4*b - 4*d = -8*d + 268. What is the remainder when b is divided by 11?
6
Let q = 43 + -39. Suppose c + 4*p - 35 = 0, -2*p = -q*c - 4*p + 84. Suppose 3*n + 3*s = 102 + 6, n + 4*s = 33. Calculate the remainder when n is divided by c.
18
Let d = 464 - 436. What is the remainder when 222 is divided by d?
26
Suppose -3*c = 4*a - 44, 0 = 2*a + 5*c + 4 - 12. What is the remainder when 251 is divided by a?
13
Let n(t) = -36*t**3 - 2*t - 1. Let f be n(-1). Let w = f - 14. Let g(i) = -i**3 + 12*i**2 - 18*i - 12. Calculate the remainder when w is divided by g(10).
7
Let h = 10 + -3. Suppose h*x - 2*x + 3*n = 105, -3*x + 69 = 3*n. Suppose 2*m + v - 10 = 0, m = -2*m + 3*v + 33. What is the remainder when x is divided by m?
4
Suppose -127 = -5*p + 103. Suppose -27*r = -25*r + 12. Let n(k) = -k**3 - 7*k**2 - 7*k + 6. Calculate the remainder when p is divided by n(r).
10
Calculate the remainder when 116/12 - (-4)/(-6) is divided by (-1)/((-28)/(-10) + -3).
4
Let t = -55 - -87. Calculate the remainder when 1086 is divided by t.
30
Suppose 0 = a - 2*s - 849 + 330, 3*s = a - 524. What is the remainder when a is divided by 8?
5
Suppose 0 = -11*p + 4*p - 210. Suppose 0 = 5*w - 5, 2*m - 44 = m + 3*w. Let k = p + m. What is the remainder when k is divided by 5?
2
Suppose -11 = -4*c - 3. Let m = c + 7. Let j(s) = 2*s - 13. Calculate the remainder when j(m) is divided by 4.
1
Let d(q) = 4 - q**2 - 5*q + 3*q + q**2 + q**2. What is the remainder when 21 is divided by d(2)?
1
Suppose 5*b + g = b + 681, 0 = 3*b + 4*g - 527. What is the remainder when b is divided by 41?
5
Suppose 823*d = 901*d - 2496. Let i = 10 + -5. What is the remainder when d is divided by i?
2
Suppose -4*w + 2*w + 39 = 5*c, -11 = -c - 2*w. What is the remainder when 29 is divided by c?
1
Let k = 5 - 3. Suppose 0*r + 2*r + 2*r = 0. Suppose t - 23 = -5*g, r*t + k*t = 5*g + 61. What is the remainder when 109 is divided by t?
25
Suppose -13*f = -335 - 3. What is the remainder when 100 is divided by f?
22
Let l = -57 + 81. Suppose -8*w = -267 - 469. Calculate the remainder when w is divided by l.
20
Suppose -23 = -2*z + k - 5, 4*k - 9 = -z. Calculate the remainder when z is divided by 2.
1
Let g(x) = -4*x**3 - x**2 + 2*x + 3. Let b be 14 - -2*(0 + -1). Suppose 5*z = -4*r - 30, 3*r = 4*z - r - b. What is the remainder when g(z) is divided by 15?
12
Let o(t) = t**2 - 5*t. Let y be o(6). Suppose j + y = 31. Calculate the remainder when j is divided by 13.
12
Let y = -23 - -50. Let m be 627/133 + (4/14)/1. Suppose 0 = m*p + 4*b - b - 58, 0 = -2*p - 3*b + 16. Calculate the remainder when y is divided by p.
13
Let n(z) = -z + 12 + 5*z - z**2 + 16*z. Suppose -56 = 141*g - 145*g. What is the remainder when n(g) is divided by 25?
21
Let m = 3369 + -3367. Let k(i) = -i + 2. What is the remainder when k(0) is divided by m?
0
Let a be (-1)/(2*(-2)/4). Let s = -1127 - -1127. What is the remainder when (86 - 4) + s/a is divided by 17?
14
Let k(f) = f**3 + 5*f**2 - 70*f - 14. Calculate the remainder when k(-11) is divided by 8.
6
Suppose 263*o + 1143 = 272*o. Calculate the remainder when o is divided by 33.
28
Suppose 12 = -0*v + 6*v. Calculate the remainder when 93 is divided by ((-192)/4)/((-3)/v).
29
Let d(u) = 2*u**2 - 44*u + 6. Calculate the remainder when 21 is divided by d(22).
3
Suppose 10*r - 8 = 2. Suppose 2*q - 193 = -r. What is the remainder when q is divided by 25?
21
Suppose 41*a = 47*a. Suppose a = 2*b - 6*b + 128. What is the remainder when 94 is divided by b?
30
Let s(j) = j**3 + 22*j**2 + 11*j - 20. Let k be s(-20). Suppose -26*v = -31*v + k. Calculate the remainder when v is divided by 19.
17
Let t(k) = 2*k - 6. Let y be t(4). Let a = 119 - 69. Calculate the remainder when a is divided by y/1*13/2.
11
Let v be ((-16)/4 + 4)/(1*-1). Suppose -4 - 6 = 2*z, 2*j - 4*z - 48 = v. Calculate the remainder when 79 is divided by j.
9
Let l(v) = 340*v**2 + 5*v - 4. What is the remainder when l(1) is divided by 2?
1
Suppose h - f - 2*f = 83, -5*h + 5*f = -405. Suppose 4*n + 4*l - 93 = 43, 2*n + 5*l - h = 0. What is the remainder when 1488/n + 6/(-10) is divided by 17?
15
Calculate the remainder when 47 is divided by (-17 - -7)/((-20)/24).
11
Let j = -747 + 809. Calculate the remainder when 207 is divided by j.
21
Let w = 123 - 76. Let y(h) = -h**2 + 7*h + 4. What is the remainder when w is divided by y(6)?
7
Let g be 2 - 3/((-3)/(-2)). Suppose -2*b = -g*b - 24. Let i(q) = -35*q**3 - q**2 + 3*q + 4. What is the remainder when i(-1) is divided by b?
11
Let p = 22 + -13. Suppose -10 = -4*l + 14. Suppose -l*j + 140 = -2*j. What is the remainder when j is divided by p?
8
Suppose 12 = q - 5*b + 3*b, 4*q - 27 = b. Let v = 111 + -72. What is the remainder when v is divided by q?
3
Suppose -5*t = 40 + 40. Calculate the remainder when ((-36)/t)/((-3)/(-104)) is divided by 20.
18
Suppose -c = -2*s - 71, 5*c + 0*s - 4*s - 331 = 0. Suppose 8*w = 57 + c. Calculate the remainder when 37 is divided by w.
7
Let s(z) be the second derivative of 6*z**5/5 + z**3/6 + 2*z. Let x be s(-1). Let v = x + 51. Calculate the remainder when v is divided by 9.
8
Suppose -y + x = -189, 2*x + 79 = -3*y + 646. Let z = y - 122. Calculate the remainder when z is divided by 23.
21
Let s be (7*18)/(13 + -11). Let h = s + -45. Calculate the remainder when 142 is divided by h.
16
Suppose -l + 0*l + 3*m + 76 = 0, -4*m + 69 = l. What is the remainder when 291 is divided by l?
72
Suppose 0 = -3*k + 4*v + 312, -2*v + 6*v - 388 = -4*k. Calculate the remainder when k is divided by 18.
10
Suppose 2420 = 5*u - 5*j, -j + 4*j = -5*u + 2428. Suppose 0 = -11*s + u + 593. What is the remainder when s is divided by 33?
32
Let f(n) = 17*n**3 + 2*n**2 - 7*n. Calculate the remainder when f(2) is divided by 44.
42
Let w(l) = 31*l + 235. What is the remainder when 96 is divided by w(-7)?
6
Let n(w) = w**2 + 19*w + 20. What is the remainder when n(-22) is divided by 29?
28
Let w(l) = l**3 - 4*l**2 - 8*l - 13. Let y = 126 - 81. Let h = 87 - y. What is the remainder when h is divided by w(6)?
9
Suppose 3*q - 874 - 983 = -3*s, 3*s + 4*q - 1858 = 0. Suppose -s = -6*l - 0*l. Calculate the remainder when l is divided by (-3)/((-6)/4)*13.
25
Let n = -322 - -859. What is the remainder when n is divided by 135?
132
Suppose -20 + 16 = 2*y. What is the remainder when 245 is divided by (-31)/(-2)*(y - (-20)/5)?
28
S